d) = -d**2 - 7*d + 135 - 141 + 0*d. Let h be (-2 + 8)*(-2)/2. Determine s(h).
0
Let q(z) = 17*z - 21. Suppose 338*a + 16 = s + 343*a, -2*a = -4. What is q(s)?
81
Suppose -12 = 3*o, 5*x + 30*o = 29*o + 26. Let v(y) = -y**3 + 6*y**2 - 5*y + 35. Give v(x).
5
Let d(c) = -c**3 - 3*c**2 + 8*c + 20. Let b be d(-4). Suppose 0 = b*h - 17 + 9. Let f(n) = -n - 4. Let z(x) = -2. Let s(v) = -3*f(v) + 5*z(v). What is s(h)?
8
Let i(r) = -r**3 - 34*r**2 - 34*r - 16. Let d = -4644 - -4611. Determine i(d).
17
Let n be ((-59 - -63) + 5/(-2))/((-2)/(-20)). Let u(x) = x**3 - 13*x**2 - 32*x - 10. Calculate u(n).
-40
Let i(h) = -5*h + 56. Let y be 3*(1 - (-15)/((-315)/(-56))). Calculate i(y).
1
Let j(b) = 3*b**3 - 7*b**2 - 5*b - 2. Let w be 2 - 16/(-4) - (11 - 7). Let q(i) = -2*i**3 - i - 1. Let x(z) = w*q(z) + j(z). Give x(-6).
2
Let q be (350/40 + -8)/((-2)/24). Let r be ((-6)/q)/((-2)/3). Let s(j) = -11*j**2 - 2*j - 1. Give s(r).
-10
Let k = -57 - -91. Suppose 0 = -15*n - 86 - k. Let a(t) = 4*t**3 - 3*t**3 - 2*t**3 - 36 + 6*t + 27 - 7*t**2. Calculate a(n).
7
Let a(t) be the second derivative of 5*t**3/3 + 31*t**2/2 - 1959*t. Give a(-11).
-79
Suppose -7 = 2*j - 21. Let v = -94 + 96. Let c(x) = 8*x - 7*x + x**v + 6*x + 4 - 2*x**2. Calculate c(j).
4
Let v(k) = 24*k - 77. Let s be v(-7). Let c = 247 + s. Let g(r) = 10*r + 1. Determine g(c).
21
Let f(z) = -1097*z**2 - 7*z + 1098*z**2 + 18 - 6 - 35. What is f(10)?
7
Suppose 98 = 2*h - 3*g + 1039, -5*g = -2*h - 951. Let q = h - -474. Let b(w) = -w**2 + 10*w - 6. What is b(q)?
-17
Let f be 15/(-5)*-2 + -1. Suppose 8*o = f*u + 3*o + 10, 2 = -5*u - 3*o. Let d(j) = 9*j**2 + j + 2. Give d(u).
10
Let j = 123 - 151. Let q be (1/(-4)*2)/(j/(-56)). Let z(c) = 4*c - 2. Give z(q).
-6
Let d = -36 + 38. Let o(a) = 11*a + 5. Let c(y) = -5*y - 2. Let f(n) = -n + 2. Let h be f(-5). Let l(i) = h*c(i) + 3*o(i). Give l(d).
-3
Let z = -241 + 256. Let o(f) = f**2 - 18*f + 40. What is o(z)?
-5
Let d be 3/6 + -2 + (-14)/(-4). Suppose z - 1 = o + 5*z, o + d = -5*z. Let g(w) = -2 + 3*w + 9*w**2 + 0*w**2 - 2*w**3 - 6*w**2. Determine g(o).
-20
Let p(u) = -11*u + 47. Let m(n) = 4*n - 16. Let i(q) = 8*m(q) + 3*p(q). Calculate i(18).
-5
Let q(k) = -k**3 - 4*k**2 - k - 2. Suppose -14*b = -23*b - 18. Let l be q(b). Let s(i) = i**2 + 6*i - 7. Calculate s(l).
9
Let r be ((-20)/5 - -3)*0. Let v = -9 - -11. Let i(s) = r*s + 2*s + v*s - 3. What is i(2)?
5
Let g(t) = -t**3 + 6*t**2 + 2*t - 9. Let i be g(6). Suppose i*r = 9 - 3. Let w(l) = -13 - 17 + r*l + 24. What is w(4)?
2
Let t(k) = -3*k**3 + 22*k**2 - 8*k - 11. Let u = -19083 + 19090. Give t(u).
-18
Let w = -408 + 331. Let z(n) = -15*n. Let t(o) = 574*o. Let s(r) = w*z(r) - 2*t(r). Let f be (4/(-6))/((-2)/(-6)). Give s(f).
-14
Let a(v) be the third derivative of v**3 + 1/60*v**5 + 0*v + 7/24*v**4 + 0 + 2*v**2. Suppose -3*s - 13*i + 17*i - 15 = 0, -3*s - 15 = 3*i. Determine a(s).
-4
Let k = -18391 + 18396. Let a(s) = s**3 - 5*s**2 + 6*s - 9. Calculate a(k).
21
Let o(j) = -5*j**3 + 3*j**2 + 3. Let k be ((-1)/3)/((-610)/(-120) + -5). Let q(d) = -4*d**3 + 4*d**2 + 1. Let g(i) = k*q(i) + 3*o(i). Determine g(7).
5
Let l(q) be the third derivative of -3*q**6/40 + q**4/8 - q**3/3 - 2*q**2 - 4. Let r be l(1). Let b(g) = -g**2 - 8*g - 1. Determine b(r).
-1
Let t be (-2 + 2)/((-184)/(-46)). Let r(v) be the third derivative of t*v + 0 - 5/24*v**4 - 12*v**2 - 1/6*v**3. Give r(-2).
9
Let t(f) = -f + 16. Suppose k + 3*k + 8 = -4*o, 6 = k + 3*o. Let v(c) = -c + 15. Let h(j) = k*v(j) + 5*t(j). Let s be (13 - 472/40)*(1 - -4). Give h(s).
-4
Let g(i) = -i**2 + 15*i - 20. Let t be g(9). Let u = -38 + t. Let n(o) = -3*o + 1. Give n(u).
13
Let h(g) = -8*g - 3*g**2 - 15 + 4*g**2 - 4*g + 19*g. Let a be h(-9). Let m(w) = -w**3 + 3*w**2 - 4*w + 6. Determine m(a).
-6
Let i(m) = -m**2. Let n(l) = -3*l**2 - 3*l + 5. Let g(k) = -4*i(k) + n(k). What is g(5)?
15
Let g(m) be the third derivative of 0*m**4 + 0*m - 1/60*m**6 - 1/60*m**5 + 0 + 0*m**3 - 195*m**2. Let y be -2*((-1)/1)/(-2). Determine g(y).
1
Let u(m) be the third derivative of -m**6/120 - m**5/6 - m**4/3 + 5*m**3/3 - 9022*m**2. Calculate u(-9).
1
Let y(l) be the first derivative of -l**4/4 - 22*l**3/3 + 103*l**2/2 - 35*l - 2425. Calculate y(-26).
-9
Let q(n) = n**2 + 19*n - 39. Suppose -40*m = -43*m + 4*d - 47, -8 = 2*d. Calculate q(m).
3
Let r = 51 - 35. Suppose -3*l + r = -b, 3*b = -l - 4*l + 8. Let q(o) = o**3 - 5*o**2 + 3*o - 3. Determine q(l).
-7
Suppose -39 - 96 = 52*p + 21. Let t(n) = -n**2 + 2 - 2*n - 3 - 2*n. Give t(p).
2
Let q(c) = c**3 - 5*c**2 + 3*c - 7. Let t(j) be the first derivative of 41 + 1/2*j**2 + 8*j. Let d be t(-3). Calculate q(d).
8
Let z(j) = -5*j + 24. Suppose 0 = -3*c - 5*n - 9, -5*c + 46 = -3*n - 7. Determine z(c).
-11
Let x(b) = 0 + 2*b - 3 - 4*b + 2. Suppose 21 = -5*v - 3*s - 87, 3*s + 87 = -4*v. Let i = v + 19. Calculate x(i).
3
Let i(d) = -d**2 + 2*d - 1. Let y(j) = -20*j**2 + j**3 + 3*j + 3 - 10*j + 18*j**2. Let h(t) = 2*i(t) + y(t). Calculate h(5).
11
Let m(p) = -p**3 - 11*p**2 - 28*p - 30. Let g be m(-8). Let u(c) = 3 - 4368*c**3 + 4*c + 2188*c**3 + 2182*c**3 + 11*c**g. Calculate u(-5).
8
Let o(y) = 13*y**2 - 2*y - 1. Let q be o(-1). Suppose 0 = -4*j + 3*c + q, 2*c + 6 = 5*j + 4*c. Let g(h) = -j*h + 4 + 1 - 7 + h + h**2. Calculate g(-2).
4
Let c(p) = -325*p + 5204. Let b be c(16). Let g(m) be the third derivative of 0 + 1/8*m**b + 2*m**2 + 0*m - 1/2*m**3. Determine g(4).
9
Let r(b) = -b**2 + 28*b + 21. Suppose 0 = -4*g + 12, 2*u - 13 = 3*g + 36. Calculate r(u).
-8
Let z(v) = 3*v - 7. Suppose -5*i + 1030 = -4*c, -8*i - 3*c = -3*i - 1030. Let l = i + -203. Give z(l).
2
Let y(u) be the first derivative of -u**4/4 + u**3/3 + 3*u**2/2 + 18*u + 12649. Determine y(6).
-144
Suppose 80 = -a + 82. Let n be (18/12 - a)*0. Let c(r) = -r**3 - r - 2. Give c(n).
-2
Suppose 3*q + 13 = -2*m, -79*q + 2*m = -78*q + 7. Let j(u) = -u**2 - 46*u - 199. Calculate j(q).
6
Let u(t) = -t**3 - 32*t**2 + 129*t + 42. Let v be u(-36). Suppose 577 - v = h. Let l(k) = 4*k**3 - 6 - 2*k + 6*k**2 + 3*k - 3*k**3. Calculate l(h).
14
Let f(w) = 4*w**2 - 64*w - 18. Suppose 8*x = 5*x + 12, -x = 5*t - 84. Give f(t).
-18
Let h(n) = -n**3 - 11*n**2 + n + 17. Suppose 29664 - 29730 = 6*b. Give h(b).
6
Let u(o) = -o**3 + 5*o**2 - 4*o. Let w(r) = 8*r - 7 - r**2 + 34 - 10*r. Let j be w(-6). Determine u(j).
6
Let b = -73 + 60. Let x(f) = -129 + 168 - 2*f - 61. Calculate x(b).
4
Let j(u) = -4*u - 74. Let f be j(-19). Let o(a) = 2 + f*a**2 - 3*a**2 - 378*a + 375*a. Calculate o(-4).
-2
Let n(i) = 5*i**2 - 8*i + 9. Suppose -t + 113 = -3*a + 100, -a - 7 = -3*t. Determine n(t).
6
Let z(p) be the third derivative of -p**6/120 - 5*p**5/12 - 11*p**4/6 + 41*p**3/6 - 2*p**2 + 1382*p + 1. Determine z(-23).
-5
Let l(x) be the first derivative of -3*x**2 - 1/3*x**3 - 6*x + 84. Determine l(-4).
2
Let c be 41 - 37 - 734/(-2). Let w(t) = -c*t + 736*t - 370*t - t**2. Calculate w(-3).
6
Let v(j) be the first derivative of -6*j - 3/2*j**2 - 23 - 1/3*j**3. Give v(-4).
-10
Let s(x) be the first derivative of 7*x**2/2 + 7*x + 46. Let g(w) = -w**2 - 23*w - 97. Let p be g(-5). Determine s(p).
-42
Let d(l) = -2*l - 12. Let a(z) = 11*z + 5. Let f be a(-2). Give d(f).
22
Let m(o) = 14*o**2 - 368*o + 379*o + o**3 - 22 + 5. Determine m(-13).
9
Suppose -2*v - 3*l + 27 = v, 0 = -2*v - 5*l + 3. Let g(f) = v - 4*f - 12 + 3*f. Calculate g(-9).
11
Let n(k) be the first derivative of -k**3/3 + 11*k**2 - 100*k + 1580. Give n(6).
-4
Let o(v) = v**3 - v + 89 - 92 + 0*v**3 + 0*v**2 - v**2. Let z(m) = -m**3 - 6*m**2 - 2*m - 9. Let u be z(-6). Determine o(u).
12
Let j(a) = 16*a + 3 - 3*a - 8*a + 0*a + 0*a - 2*a. Let h = 2 + 4. Suppose h*r - r = -10. What is j(r)?
-3
Let v(d) = d**2 - 17*d + 7. Let q be v(17). Let k(j) = q*j**2 - 5*j - 2*j**2 - 3*j**3 + 1 + 8*j**2 + 16 + 5*j**3. Give k(-7).
3
Let d(p) be the third derivative of p**6/60 - 11*p**5/30 + 19*p**4/24 - p**3/3 + 18*p**2 - 1. What is d(10)?
-12
Let f = -21 + 25. Suppose 2*r + f*r + 6 = 0. Let m(d) = 4*d**2 + 5*d - 1. Let s(c) = -c**2 - c. Let z(k) = m(k) + 5*s(k). What is z(r)?
-2
Let w(q) = 2*q**3 + 19*q**2 - 9*q + 10. Suppose -1 = o - 3*z, 122 = -5*o - 2*z + 66. Calculate w(o).
0
Let t(p) = -53 + 58 - 64*p**2 + 65*p**2 + 7*p. Determine t(-9).
23
Let q(v) = 9*v - 86 -